.
-2
Let o(y) = 2*y**3. Let m(u) = 5*u**3 + 4*u**2 - 2*u - 2. Let h(x) = -m(x) + 3*o(x). Let p be (-2 - -1)*-1*4. Let s be (0 - (p + -2))/(-1). Give h(s).
-2
Let j(f) be the second derivative of f**3/6 - 2*f**2 - 6*f. Give j(5).
1
Let q(z) = 10*z - 1. Let r be (4/(-10))/(2/(-10)). Let v(w) = 10*w - 1. Let p(m) = r*v(m) - 3*q(m). Calculate p(-1).
11
Suppose -1 - 3 = -2*n. Let v = -3 - n. Let d(w) = -w**2 - 4*w + 3. Give d(v).
-2
Let b(q) be the first derivative of q**4/8 + q**3 + q**2/2 + 1. Let p(f) be the second derivative of b(f). Let z be 10/(-12)*4*(-174)/(-145). Give p(z).
-6
Let k(z) = -11*z**2 - 2 + 23*z**2 + 1 - 2*z. Let q(i) = i**2 - 10*i + 8. Let d be q(9). Determine k(d).
13
Let d be 4*3*(-3)/12. Let f be (d/6)/(1/8). Let q(g) = 5 + 0*g - 8 - g. Determine q(f).
1
Let t(c) = -4*c**2 + c + 1. Suppose -2*i = 2*i. Let l = 1 - i. Let p = 0 - l. Determine t(p).
-4
Let b(o) = o**3 - 2*o**2 - 2*o + 2. Let s be (-3)/(-2)*(-136)/(-12). Suppose l + 5*h = -s, 6 = -4*l - 2*h - 8. Give b(l).
-10
Let u(d) = -d + 1. Let o(m) = 3*m. Let r(p) = o(p) + 2*u(p). Let h be r(-4). Let b(t) = -2*t**2 + t. What is b(h)?
-10
Suppose 4*y - 6 = 5*q + 44, 0 = -2*y + 10. Let s(d) be the third derivative of 0 - d**2 + 1/60*d**5 + 7/24*d**4 + 4/3*d**3 + 0*d. Give s(q).
2
Let b(u) = -6*u**3 + u**2 - u - 3. Let x(n) = n**3 + n**2 + 1. Let r(i) = b(i) + 5*x(i). Let w = 13 + -7. Give r(w).
-4
Let s(y) be the first derivative of -y**2 + 5*y + 1. Calculate s(4).
-3
Let i(j) = 5*j + 3. Let p(q) = 3*q + 2. Let f(c) = 5*i(c) - 8*p(c). Suppose -g = -4, -g = a + 2*a - 70. Let z be 4/a + (-31)/(-11). What is f(z)?
2
Let a(z) = 3*z**3 - z**3 + z - 3*z**3 - 2*z - 2 + 5*z**2. Suppose 3*n - 4*c = 4, 7*n = 4*n - 4*c + 20. Determine a(n).
10
Let m(c) = c - 2. Let r be m(5). Let s = 4 - r. Let k(a) = a**2 - 3*a + 3. Let n(i) = -i + 1. Let j(g) = 5*k(g) - 15*n(g). Give j(s).
5
Let r(m) be the first derivative of m**4/4 + 2*m**3 + 5*m**2/2 + 5*m + 1. What is r(-5)?
5
Let k(v) = -5*v**2 - 3*v**2 + 2*v**2 + v**3 + 9 - 2*v. Determine k(6).
-3
Let v be (2/2 + -3)/(-1). Suppose w = -v*w. Let b(y) = -y**2 - 3. Let u be b(w). Let a(l) = l**2 + l - 2. Give a(u).
4
Let f be (-1)/(-3) + 10/6. Let n(i) = i**2 + i + 3. Let a be n(0). Let j = a - f. Let q(m) = -2*m - 1. Determine q(j).
-3
Let y(c) = -c**3 + 7*c**2 + 1. Let o be y(7). Let p(v) = v**3 + v - 1. Determine p(o).
1
Let c(u) = -4 - 5*u + 0*u**3 + 3*u**2 + 4*u + u**3. Let g be (0 + -1 + 0)*5. Let s = -8 - g. Calculate c(s).
-1
Suppose 0 = -4*t + t + 12. Let d be (-3)/(1*(-3)/7). Let b(n) = -8*n + 3*n - 6 + 5*n**2 + d + 4 - n**3. What is b(t)?
1
Suppose v + 3*v - 5*h - 12 = 0, 3*v - h = 9. Let g(f) = 3*f**3 + 3 + 2*f**v - 4*f**3 + 4*f**2. Give g(-4).
3
Let y be (-4)/(-12)*3*-6. Let c(a) = -a. Calculate c(y).
6
Let x(m) = m**2 - 4*m + 2. Suppose -4*a - a + 15 = 0. Suppose 12 = a*p - p. Let t = 9 - p. Determine x(t).
-1
Let p(x) = -x**3 - 4*x**2 + 3*x + 3. Let h = 4 - 3. Suppose 2 = k + h. Suppose k = -a - 1. Determine p(a).
-11
Let j(z) = 4*z**2 - 2*z + 13. Let g(r) = -r**2 + r. Let i be 2/(-4) - 5/10. Let a(c) = i*j(c) - 3*g(c). Give a(0).
-13
Let g(i) be the first derivative of -i**2/2 + 23*i - 36. What is g(11)?
12
Let m(u) be the first derivative of u**4/4 + 4*u**3/3 - u**2/2 + 3. Let x(n) = n**2 + 5*n - 4. Let j be x(-5). Determine m(j).
4
Suppose -5*s + 8 + 17 = 0. Let w(a) = -3*a - 1. Let b(y) = 2 + 8*y + 4 - 4. Let q(o) = 4*b(o) + 11*w(o). Determine q(s).
-8
Let r = -24 - -40. Suppose 0 = 4*h - 16, 7*h - 3*h - r = 2*k. Let f(n) = -n**2 - n**2 + k*n - 2*n + 0*n**2 - 3. Determine f(-2).
-7
Let c(w) be the second derivative of w**3/6 - 5*w**2/2 - 17*w. Let x = 8 + -1. Give c(x).
2
Let y be 4/(-2*(-1)/(-2)). Let r(z) be the third derivative of -z**5/60 - z**4/8 + 2*z**3/3 - 32*z**2. Give r(y).
0
Let j be 1/(-2) + 7/(-14). Let m(o) be the second derivative of -o**6/24 + o**4/24 + o**2 + 2*o. Let s(t) be the first derivative of m(t). Give s(j).
4
Let x(l) = 7*l**2 + 9*l - 11. Let i(j) = -3*j**2 - 4*j + 5. Let u(z) = -5*i(z) - 2*x(z). Let s be (-3 - -2)*(1 - 11). Let p = 6 - s. Calculate u(p).
5
Let n(g) = 7*g**3 + g + 1. Let f(b) = -b**3 - 7*b**2 + 8*b + 2. Let o be f(-8). Suppose o*r = 5 - 21. Let d = 7 + r. What is n(d)?
-7
Let n = 25 - 21. Let d(v) = 4*v + n + 0*v - 3. Give d(-2).
-7
Let q(i) = i**2 + i + 1. Suppose -2*l - 12 = -4*u - 0*l, 0 = -3*l - 6. Let c be (2/u - -1) + 0. Suppose 4*d = c*d + 4. Calculate q(d).
7
Let b(d) be the third derivative of -d**4/12 + d**3/6 + d**2. Let o = -9 - -16. Suppose -4*p = -2*y - 10, -p = -2*y - o - 0. Calculate b(p).
-1
Let a(p) = 8*p**3 - 9*p**2 + p + 4. Let m(l) = -7*l**3 + 8*l**2 - l - 3. Let f(j) = 5*a(j) + 6*m(j). What is f(2)?
-4
Suppose r + g = 3, -r - 2*g = -2 - 5. Let f(n) = 11*n**3 + 2*n + 1. Determine f(r).
-12
Let j(f) = 4 + 0 - f**2 + 0*f + 3*f + 0. What is j(3)?
4
Let y = -338 + 333. Let b(i) = 5*i**2 + 1 - 4 + i**3 - 1. Determine b(y).
-4
Suppose -3*i = 4*d + 24 + 6, 2*i + 2*d = -18. Let o(w) = w**3 + 2*w + 6*w**2 - 4*w + 3*w - 8 - 3*w. Give o(i).
4
Let f(c) = c**3 - 4*c**2 + 3*c - 3. Suppose j + 17 = 2*j. Let g = 11 - j. Let m = g - -9. Determine f(m).
-3
Suppose n - 2*n = 5*r - 25, 4*r + 3*n - 20 = 0. Let j(f) = -r*f - 2*f + 1 + 9*f. Determine j(-2).
-3
Let a(f) = f**2 + 5*f - 1. Suppose 3*c = c + 6. Suppose -5*g = -c*g + 10. What is a(g)?
-1
Suppose 4*x - 3*x + 1 = 0. Let v(k) = k + 0*k + 7*k**2 - 5*k**2 - 5*k**3. Determine v(x).
6
Let u(q) be the first derivative of -q**4/4 + 4*q**3/3 + q**2/2 + 5*q - 1. Let d = 32 + -28. Calculate u(d).
9
Let f(w) = -w**3 - 6*w**2 - 5*w - 1. Let r = 3 - 8. Give f(r).
-1
Let k(v) be the second derivative of -v**4/12 - v**3/6 + v. Let w be k(0). Let q(x) = 56 + 52 - x**3 - x - x**2 - 99. Give q(w).
9
Let k(d) be the second derivative of 2*d - 5/6*d**3 + 3*d**2 + 0 + 1/12*d**4. What is k(4)?
2
Let g(v) = 2*v - 3. Let b(p) = 5*p + 6. Let s(d) = 14*d + 17. Let w(r) = -17*b(r) + 6*s(r). Let n(j) = -g(j) - 3*w(j). Determine n(3).
6
Let z be (-15)/(-72)*(-6 + 10). Let v(g) be the second derivative of 0 - z*g**3 + 1/12*g**4 + 2*g - g**2. Calculate v(5).
-2
Suppose -l = -4*l + 18. Let v(i) = -1 + 2 + 0*i - 12*i + l*i. Give v(1).
-5
Let q(s) = 0*s - 5*s - 3*s**2 + 4 + s**3 + 1. Let u(b) = -b**3 - 9*b**2 + b + 13. Suppose 4*t + 54 = -2*t. Let l be u(t). Calculate q(l).
1
Let q(b) = 2*b - 4. Let c = -15 - -19. Determine q(c).
4
Let i(y) = 2*y**3 - y**2 - y. Let f be i(0). Let q(l) = l**3 + 3. Determine q(f).
3
Let l(z) be the third derivative of 5*z**4/24 + z**3/6 + 23*z**2. Determine l(-2).
-9
Let t(y) = 2*y**2 - 2*y - 1. Let l be t(-2). Suppose -2 = 3*a - l. Let c(n) = n**2 - 5*n + 2. Calculate c(a).
-4
Let y(s) be the second derivative of -9*s**5/20 + s**4/6 - s**2/2 - 10*s. Give y(-1).
10
Suppose 132 = -3*a + 4*a - b, 0 = -4*a - 3*b + 500. Let y be (-4)/(-10) + a/(-20). Let t(v) = v**2 + 8*v - 2. Calculate t(y).
-14
Let b = 7 + -5. Suppose 8 = b*g - 4. Let r(x) = -2*x + 4. Give r(g).
-8
Let v = 6961/24 - 290. Let z(b) be the third derivative of -1/3*b**3 - b**2 + 0*b - v*b**4 + 0. Determine z(-2).
0
Let q(p) = -p + 7. Let u be q(5). Suppose 2*f + u*f = 0. Let a(l) = l + 2 - 2*l + f*l. What is a(-5)?
7
Let v(g) = g**2 - 3*g - 3. Let l be v(3). Let a(t) = t - 4. Let y be a(4). Let i(u) = 0*u + y*u + 3 - u. Calculate i(l).
6
Let b(z) = -z**3 - 6*z**2 - 7*z - 5. Let x = 4 - 2. Suppose -39 = -2*w - 5*k + 4, -k + 23 = x*w. Let i be (-48)/w + 3/9. Determine b(i).
5
Let b(v) be the second derivative of 3*v**5/20 - v**4/6 + v**2/2 + 6*v. Give b(-1).
-4
Suppose 3*c = 4*c - 16. Let b = c - 13. Let s(j) = -j**2 + 5*j. Give s(b).
6
Let x(d) be the third derivative of -d**5/10 - 14*d**2. What is x(-1)?
-6
Suppose 0 + 20 = 4*q. Let m(w) be the second derivative of w**4/12 - 5*w**3/6 + 2*w. Give m(q).
0
Let i(j) be the second derivative of -j**4/4 + 2*j**3/3 - 3*j**2/2 + 34*j. Give i(3).
-18
Let d be (-1 + 2)*(-36)/(-1). Suppose -d = -5*f - 11. Suppose -5*w + 19 = 3*r, -f*r + 4*w + w = 35. Let g(o) = -o + 2. What is g(r)?
4
Suppose b - 3*b = 3*o - 9, 0 = b - 4*o + 12. Suppose -4*y - 1 = 3*l + 7, b = l. Let c(m) = -2*m + 1. Calculate c(y).
5
Let r(t) be the first derivative of -t**2/2 + 7*t + 1. Let d(c) = 23*c**2 - 2*c + 1. Let h be d(1). Let s be (h/(-10) - -1)*-